{"version":"1.0","provider_name":"Nappali \u00e1lmok","provider_url":"https:\/\/kapitanyimola.cafeblog.hu","author_name":"KISMADAR","author_url":"https:\/\/kapitanyimola.cafeblog.hu\/author\/KISMADAR-2\/","title":"megint munka","html":"2 h\u00e9t beteg\u00e1llom\u00e1ny ut\u00e1n el\u00e9g g\u00e1z \u00fajra dolgozni, de az\u00e9rt j\u00f3 v\u00e9gre visszaz\u00f6kkenni a norm\u00e1lis ker\u00e9kv\u00e1g\u00e1sba. M\u00e1r csak Panninak k\u00e9ne meggy\u00f3gyulnia.<br>Peti d\u00e9lut\u00e1n t\u00f6k j\u00f3 fej volt. Nagyon sokat volt vel\u00fcnk a szabadid\u0151 alatt, \u00edgy tudtam r\u00e1 figyelni, hogy ne dob\u00e1ljon. Sokat n\u00e9zegett\u00fcnk k\u00f6nyvet, meg forogtunk.<br>Egyre s\u00fcrget\u0151bb a ny\u00e1r int\u00e9z\u00e9se, ez\u00e9rt \u00edrtam RE-nek, hogy tud - e j\u00f6nni a vak\u00e1ci\u00f3 alatt. K\u00edv\u00e1ncsi vagyok mit v\u00e1laszol \u00e9s hogy mib\u0151l fogom majd kifizetni. A nyaral\u00e1st viszont nagyon v\u00e1rom.<br>","type":"rich"}

Nappali álmok

2 hét betegállomány után elég gáz újra dolgozni, de azért jó végre visszazökkenni a normális kerékvágásba. Már csak Panninak kéne meggyógyulnia.<br>Peti délután tök jó fej volt. Nagyon sokat volt velünk a szabadidő alatt, így tudtam rá figyelni, hogy ne dobáljon. Sokat nézegettünk könyvet, meg forogtunk.<br>Egyre sürgetőbb a nyár intézése, ezért írtam RE-nek, hogy tud - e jönni a vakáció alatt. Kíváncsi vagyok mit válaszol és hogy miből fogom majd kifizetni. A nyaralást viszont nagyon várom.<br>
